). Let c = q + -3. Suppose 0 = c*u + 5*z - 45, 4*u - 3*u + 5*z = -11. Is u a prime number?
False
Let w = 17 + -15. Suppose -5*b + 290 = 2*t, -w*t + b + 290 = -b. Is t a prime number?
False
Suppose 0*f - 3*f = -78. Suppose 0 = -2*w - 4*g + 22, -5*w + 8 = 3*g - f. Suppose -w*h + 4*j - j + 422 = 0, 0 = -5*j + 5. Is h prime?
False
Let a be (9392/(-4))/(-4)*1. Suppose -h + a - 142 = 0. Is h a prime number?
False
Suppose 4*j - 76 = 4*g + 48, -g - 133 = -4*j. Is j a composite number?
True
Suppose -5*w + 132 = 2*p - 890, 4*p + 3*w - 2016 = 0. Is p composite?
True
Let v(u) be the second derivative of u**4/2 - u**3/3 + u**2 - 3*u. Is v(2) composite?
True
Let n be (6 - 3 - 2)*-1. Let o(c) = -30*c + 1. Is o(n) composite?
False
Suppose -26 = -5*a - 1. Suppose 3*p = a*p - 826. Is p prime?
False
Let s(l) = l**3 + 7*l**2 - 5*l. Is s(-7) a prime number?
False
Let x(i) = 345*i + 19. Is x(8) a composite number?
True
Let j(x) = 5*x**2 + 8*x - 4. Is j(-9) composite?
True
Let n(g) = g**3 + 9*g**2 + 3. Let r = -4 - -6. Suppose 0 = 2*x - r + 18. Is n(x) a prime number?
True
Let r(q) = q - 1. Let c be r(4). Suppose d - 309 = -2*t, 2*t + 5*d - 322 = -25. Suppose t = 2*o + o + 3*m, c*m - 211 = -4*o. Is o prime?
False
Let z = 5 + -7. Let k(v) = v**2 + 2*v. Let m be k(z). Suppose j + j - 74 = m. Is j a composite number?
False
Suppose -3*a + 2*a + 60 = -d, 0 = 3*d + 3. Let z = a - 27. Suppose -3*c + z = -7. Is c composite?
False
Let k(a) = a**3 + 8*a**2 + 8*a + 1. Let x be k(-7). Let d be ((-9)/x)/3*10. Suppose -4*o + 135 = -d. Is o a composite number?
True
Let z(p) = 25*p**3 + 3*p**2 + 9. Is z(4) composite?
False
Let w = -51 - -36. Suppose -5*n = -3*t - 3*n + 18, 2*n - 12 = -2*t. Is 28/t*w/(-2) prime?
False
Let s be 0 - 0*(-1)/(-2). Let j(l) = -3*l**3 + 3*l**2 + l + 29. Let m(b) = 8*b**3 - 8*b**2 - 3*b - 88. Let x(n) = -11*j(n) - 4*m(n). Is x(s) prime?
False
Let l(r) = -r. Let x(n) = -n**2 - 9*n + 9. Let t(m) = -2*l(m) - x(m). Is t(11) prime?
True
Suppose -9*p + 21419 - 2942 = 0. Is p prime?
True
Suppose -4*w + 2*n + 2050 = 394, -4*w + 3*n + 1658 = 0. Is w prime?
False
Is 3/2*(-1768)/(-12) prime?
False
Let h = -698 + 1027. Is h a composite number?
True
Suppose 0 = -x + 642 + 179. Is x a composite number?
False
Suppose 2*m = -5*m. Suppose -o + 256 = o + 3*i, -i - 4 = m. Is o composite?
True
Suppose 0 = -2*v - v + 561. Is v a composite number?
True
Suppose -2*s + 1036 = 2*s. Is s composite?
True
Suppose -3*m + 11 = -2*z, -2 = m + 4*z + 13. Let n be m - 0 - (2 + -2). Is 1 - n/(1/(-18)) a prime number?
True
Let a(r) = 92*r + 3. Let f(j) = 91*j + 3. Let t(k) = -4*a(k) + 3*f(k). Is t(-2) a prime number?
False
Suppose 5*m - f = f + 2225, 0 = 2*m - 4*f - 890. Is m composite?
True
Suppose 4*o + 4*f - 1320 = 0, 0*o + 5*f - 326 = -o. Is o a composite number?
False
Let o be -2 + 2 + (-9)/3. Is 20 + (o - (-4 - 2)) prime?
True
Is 1/(-2*1/(-1262)) a composite number?
False
Let k be 88/6 + (-1)/(-3). Is (-1424)/(-10) + (-6)/k prime?
False
Let w = -58 + 1715. Is w a composite number?
False
Let c(f) = 2 + 9*f - 5 + 0 + f**2. Let v be c(-9). Is (-172)/v + 4/6 a prime number?
False
Let n be 2/(-2 + (-21)/(-9)). Suppose -w = -n*w + 385. Is w a composite number?
True
Let c(w) = -1 - 11*w**2 + 30*w**2 + 2*w + 33*w**2. Is c(1) a prime number?
True
Suppose 5*d - 3292 = -4*n + 5, -3*d + 1981 = n. Suppose 0 = 5*p - 234 - d. Is p a composite number?
False
Is 0 + 0 + (6 - (8 + -4)) a prime number?
True
Suppose 0 = 2*v - 7*v + 2*y + 16, 0 = -v + 2*y. Let t = 345 + -151. Suppose -178 = -v*c + t. Is c prime?
False
Let n(x) = -x**3 + 6*x**2 - x + 5. Let o be n(6). Let g = 0 + o. Let h(f) = -51*f**3 - f**2 - f. Is h(g) a prime number?
False
Suppose 0*o = 2*o - 5*j - 98, 0 = 4*o - 4*j - 196. Is o prime?
False
Suppose 5*o - o = 5*u - 163, 4*o + 70 = 2*u. Is u prime?
True
Let d = 14 - -71. Is d a prime number?
False
Let u = -54 + 85. Is u a composite number?
False
Is (-198 - 7)*(1 - 2) a prime number?
False
Let u = 298 - 129. Is u a composite number?
True
Let d(y) = -4*y + 3. Suppose 3*a = 5*t - 0*a + 21, 2*t + 10 = 2*a. Let r be d(t). Suppose 5*p - 2*z - 40 = 0, -6*z = 5*p - 3*z - r. Is p a composite number?
True
Suppose 15941 = 5*g + 2*m, 11*g + 2*m = 8*g + 9563. Is g prime?
False
Let p(t) = -t**3 + 2*t**2 + 6*t + 12. Is p(-5) prime?
True
Let k(r) be the third derivative of -r**7/1260 + r**6/240 - r**5/30 - r**2. Let n(p) be the third derivative of k(p). Is n(-5) a prime number?
True
Is ((-8143)/(-2) + 2)/((-4)/(-8)) a composite number?
False
Let q(l) = -l - 2. Let t be q(-7). Suppose -15 = -t*c - 0*c. Is c a composite number?
False
Is (333 - 5) + ((-18)/3)/(-2) a composite number?
False
Suppose z + 23 = 1. Let q(y) = -y**3 + 5*y**2 - 3*y - 2. Let a be q(4). Is (-1 + a + z)*-1 composite?
True
Let d = -10 - -18. Is (158/(-4))/((-4)/d) a prime number?
True
Suppose -10*k = -6*k + 244. Let r = k - -188. Is r a prime number?
True
Suppose 4*j - 16 = 156. Is j composite?
False
Let h be 2*1/(-2)*-2. Suppose 0*p - 2*u + 105 = 5*p, 0 = -h*p - 4*u + 58. Is p a composite number?
False
Suppose -2*t = j - 331, 0 = -2*j - t + 236 + 438. Is j prime?
False
Let f(r) = -r**2 + 3*r + 2. Let h be f(2). Let v be h/12*1*87. Let c = v + -15. Is c a prime number?
False
Let h(u) = -2*u - 3 - 3 + u**2 + 0. Let t be h(9). Is t/6 - (-1)/2 a prime number?
False
Is (-682)/(-8) + 16/(-64) a composite number?
True
Is 24321/15 + 2/(-5) a composite number?
False
Let a(b) = -b**3 + 5*b**2 - 3*b + 6. Let m(w) = -w**3 - 6*w**2 + 8*w + 10. Let r be m(-7). Let n = r - -1. Is a(n) composite?
True
Suppose -2504 = -3*c - c + 3*l, 1266 = 2*c - 5*l. Is c prime?
False
Let c = 26 - -29. Is c composite?
True
Suppose -6*x = -x. Suppose 4*f - f - 69 = x. Is f prime?
True
Let c be 15/(-6) + (-1)/2. Let w be c/(-1) - (-2 + 2). Is (0 - -3)/w - -234 a composite number?
True
Suppose -2*f + 6 = 0, 4*f - 359 + 110 = 3*b. Let s = b + 137. Is s a composite number?
True
Let v(y) = y**2 - 6*y + 6. Let t be v(6). Let h = t + -4. Suppose -h*d + 21 = d. Is d a prime number?
True
Let v be 36/10 - (-4)/10. Is (-2 - (-166)/v)*2 composite?
False
Suppose 3*a = 5*a - 518. Is a + -2 + 6 + -4 composite?
True
Suppose -12 = -4*a, -3*m + 2*a + 79 = 10. Let h be (-110)/2*(-20)/m. Suppose 5*q - 11 - h = 0. Is q composite?
False
Let j(y) = 103*y**2 - 3*y - 3. Is j(-1) a prime number?
True
Let n = 694 - 395. Is n a composite number?
True
Suppose -4*b + 458 = -2402. Suppose -3*q = -2*z - 427, -3*q + 4*z = 2*q - b. Is q composite?
False
Is (4/8)/(3/1164) composite?
True
Suppose 0 = y + 4*l + 22, 4*y + 6*l + 36 = 3*l. Let s = y - -4. Is 1001/21 - s/(-3) a composite number?
False
Let h be (-14)/6 + 1/3. Let u be 31 - (-3)/((-1)/1). Is (u/6)/(h/(-93)) a prime number?
False
Suppose 0*f - 3*h = 5*f - 19, 21 = 3*f - 3*h. Suppose 3*s + 13 = 5*a, -s = -2*a - f*s. Suppose -4*r + 46 = -3*r - 5*z, a*z = -3*r + 53. Is r composite?
True
Suppose 0 = y + 2*x + 6, -7*x = -y - 2*x + 15. Let g be (0 + 14)*(1 + 33). Suppose y*k = -4*k + g. Is k a composite number?
True
Let a be (-2)/4 - 3/(-2). Let w(y) = 1 + 13*y**2 - 8*y**2 + 45*y**2. Is w(a) a composite number?
True
Let y be ((-4)/(-1))/(2/85). Suppose t - y = 6*t. Let m = t + 69. Is m composite?
True
Let g be 30872/6 - 1/3. Let t be (-4)/(-22) - g/(-77). Suppose 0 = -0*v + 5*v - 3*u - 68, t = 5*v - 2*u. Is v composite?
False
Suppose 2*z + 445 = 7*z. Is z prime?
True
Let b = -129 + 260. Suppose 41 = -2*m + b. Suppose -4*t - m = -3*n, -3*n - t = -0*n - 30. Is n a composite number?
False
Let u(t) be the third derivative of -t**6/120 - 3*t**5/20 - t**4/24 - t**3/3 + 4*t**2. Let a be u(-6). Let c = a + 183. Is c a composite number?
False
Let t = 4091 - 2528. Is t a prime number?
False
Let w(t) = 2*t**2 - 2*t + 1. Let r = -1 + 5. Is w(r) prime?
False
Let d = -9 - -64. Is d composite?
True
Let s be (-12)/4 - (1 + -6). Let b(w) = 0*w**2 - 22*w**3 + s*w**2 + 9 - 10 - 9*w**3 - w. Is b(-2) prime?
True
Let r(o) be the second derivative of 13*o**3/6 - 2*o**2 + 2*o. Suppose -4*q + 5*x - 2 = 1, -4*x + 6 = -2*q. Is r(q) prime?
False
Let o(k) = 11*k**2 - 2*k + 1. Let g = -6 - -11. Suppose f - g*f = -4. Is o(f) a composite number?
True
Suppose 0 = m - 92 - 16. Suppose 2*b - 325 = -3*d + 4*b, -b = -d + m. Is d prime?
True
Suppose 0 = -2*z + 210 - 2324. Let s be (z